?
True
Suppose 5*l = -4*p + 171941, -p - 6*l + 42984 = -5*l. Is p a composite number?
False
Let v = 2498 - -297105. Is v prime?
True
Suppose -2*a = -2*r + 97940, -14*a = 5*r - 15*a - 244862. Is r composite?
False
Let d = -24874 + 96843. Is d prime?
False
Suppose 5*s - 9*c + 272484 = 1041016, 0 = -5*s + c + 768588. Is s a composite number?
False
Let u(q) = -q**2 - 6*q - 8. Let y be u(-4). Suppose y = 6*g + 3*g - 39483. Is g composite?
True
Let z = 646428 + -430505. Is z prime?
False
Let b = 990 - 985. Let w = 1286 - -6521. Suppose 4*o + w = b*p, -3*o + 8 = o. Is p a prime number?
False
Suppose 4*h = -3*v - 13855, -3*h - 10390 = -0*h + 2*v. Let s = -1895 - h. Suppose -j - 2*l = -0*j - s, 5 = -5*l. Is j prime?
True
Suppose 475076 + 1199457 = 2*a - g, -2*a = -4*g - 1674506. Is a prime?
True
Let a = 34 - 29. Suppose -6*o + 4*o = -a*q - 57, 2*q + 174 = 5*o. Is (-2)/((-3)/(-2)*(-8)/o) a prime number?
False
Suppose 6*r - 2 - 22 = 0. Suppose 4*w = r*k - 14548, -5*k = 5*w - 12908 - 5277. Is k a composite number?
False
Let c = 10559 + 15098. Is c a composite number?
False
Is ((-250)/(-50))/(-1 - 1272/(-1257)) prime?
True
Let q be 2/(-6)*117/((-91)/7). Is 9 + -12 + (182 - q)*22 a composite number?
True
Let g(j) = -6811*j - 16544. Is g(-7) composite?
True
Let t = 1 - -7. Suppose -32 = 4*z - 6*z - 5*l, 0 = -3*z + 4*l + 25. Suppose -t*d = -z*d + 63. Is d a prime number?
False
Let x be -3 + (-77)/(-15) + 16/(-120). Suppose -10*y = -x*u - 13*y + 5905, y + 3 = 0. Is u a prime number?
True
Let f(q) be the second derivative of 0 + 25/6*q**4 - 1/2*q**3 + 24*q + q**2. Is f(3) composite?
False
Let a(f) = 163*f**2 - 3*f + 17. Let g be a(3). Let c = 2262 - g. Is c a prime number?
True
Let r(w) = 33*w**3 + 2*w**2 - 5*w + 7. Suppose 9*d = -28 + 82. Is r(d) prime?
True
Let d(f) be the first derivative of f**3/3 - 2*f**2 - 18*f + 8. Let b be d(7). Suppose -206 - 479 = -5*u + b*j, -j - 541 = -4*u. Is u a prime number?
False
Let q(h) = h**3 + h**2 - 11*h + 14. Let d be q(2). Is (1 + (-2)/d)*5678 composite?
True
Let r = 27773 - -1838. Is r a prime number?
True
Let v = -139 - -145. Suppose v*i = 2*i - c + 18183, 3*c + 4562 = i. Is i a composite number?
False
Let t = 2 + -2. Let p(s) = -s**2 + 7036. Let j be p(t). Suppose j = 42*x - 38*x. Is x composite?
False
Let l(x) = 2*x**3 - 2*x + 1. Let i be l(1). Let t be 0/(-4) - -3*(2 - i). Suppose t*z + z = 0, -3*z = -f + 2491. Is f prime?
False
Let b = -2428 - -3527. Is 2/2*(b - -15) a prime number?
False
Suppose 9*d - 7*d = 4272. Suppose d = 5*z - 3309. Let u = z - 568. Is u prime?
True
Is ((-3)/(-6))/((-1)/7)*(-1621866)/7 prime?
False
Let i = 24514 + -6347. Is i composite?
True
Let z(i) = -i**2 - 4*i + 6. Let q be z(-5). Let o be (-2)/2 + 3/q. Suppose 0 = -o*k + 5*k - 66. Is k a composite number?
True
Suppose -15*u + 36*u = 8*u + 725231. Is u composite?
False
Suppose 263752 = 4*j - 3*f + 7*f, 0 = -f + 3. Is j a composite number?
True
Is (-5)/(560/(-16798512)) - 6/(-21) a composite number?
True
Suppose -35*c = -7*c + 17608752. Is (-10)/(-55) + c/(-44) prime?
True
Suppose -37103 = -p + 3*d + 37024, -5*d = 0. Is p a composite number?
True
Let l(u) = 7*u**2 + u. Suppose 0 = 2*t - 74 + 76. Let y be l(t). Suppose 0 = y*s - 5*s - 463. Is s a prime number?
True
Suppose 0 = -2*y + 6*y + 4*m - 19892, -3*m = -18. Is y prime?
True
Suppose 0 = -h + 22 - 16. Suppose -61*t - h = -58*t. Is (140679/(-35))/(-9) - t/5 composite?
True
Let p(a) = -166150*a + 3051. Is p(-5) composite?
False
Let m = 21832 - 36780. Let y = -8361 - m. Is y prime?
False
Suppose 9 = -p + 23. Let f be (-2258)/(-26) - p/(-91). Let o = f + -34. Is o a prime number?
True
Let w = 930 - -476. Suppose 0 = -i + w - 144. Is i prime?
False
Suppose -v = 4*r + 11, -2*r - r = -3*v + 27. Suppose 8 = -4*u, a - v*a + 26 = -u. Is (-27)/a*278/(-3) a composite number?
True
Suppose 0 = -3*y - 0 - 21. Let k(g) = 4*g + 32. Let m be k(y). Suppose -4*d - 6232 + 18772 = 4*j, j - m*d - 3145 = 0. Is j a prime number?
True
Suppose 5*m - 167 = 208. Let t = m - 79. Is 1355 - (t/22 - 60/33) composite?
True
Suppose 0 = -13*x - 59 - 916. Let y be (-1 + -7795)*(-20)/(-8). Is ((-15)/x)/((-2)/y) a composite number?
False
Let k be (176/(-10))/(26/(-10790)). Let o = k + -1005. Is o composite?
False
Let s(x) = 41*x**2 - 4*x - 15. Let f be s(9). Suppose -7495 = -5*d + f. Is d prime?
True
Suppose 0*d + 147150 = d. Suppose s + 2*l - 29430 = 0, d = 5*s + l + 3*l. Is (-4)/(-14) + s/42 composite?
False
Let c(h) = h**3 - 2*h**2 + 3*h + 3. Let q be c(3). Suppose q = -20*i + 17*i. Let b(j) = 3*j**2 + 4*j + 2. Is b(i) a composite number?
True
Let o(w) = -w**2 + 8*w + 24. Let y be o(10). Suppose 0 = 5*f - y*f. Suppose 0 = b - t - 111, -b + 2*t + t + 103 = f. Is b a composite number?
True
Suppose 36135 - 4500 = 5*n. Let x = 22360 + n. Is x a composite number?
False
Suppose m + 3*v - 62 = 2*v, -2*m = -3*v - 129. Let u be (479/(-3))/(2 + (-123)/m). Is (1/1)/((-12 - -5)/u) a prime number?
True
Let k(u) = 27157*u**2 + 124*u - 604. Is k(5) prime?
True
Suppose 3*g = -4*h + 28 - 8, 4*h = 2*g. Suppose 247*z = 69*z. Suppose z = -2*q + 2, 0*m - g*q = m - 1263. Is m composite?
False
Let g(j) = 678*j**2 - 113*j - 676. Is g(33) a prime number?
True
Suppose 781881 + 2280965 = 15*n - 2179219. Is n a composite number?
False
Suppose 4*n - 4*v - 44 = 0, 2*n - 2*v - 19 = -3*v. Let h = n - 5. Suppose -2*a + 2051 = h*a. Is a a prime number?
True
Is 25300 + -818 + (-38)/2 composite?
True
Let w(k) = -2*k + 42. Let l be w(14). Let o(d) = 6*d**2 + 7*d - 13. Is o(l) composite?
True
Is (-10)/(-30)*-33 + 44080 prime?
False
Let v(o) = o + 0*o**3 - o**2 + 0*o**3 + o**3 - 2*o**3. Let p be v(-2). Suppose 5*z + p*z - 1757 = 0. Is z a prime number?
True
Let g(r) = 40*r**2 + 5 + r + 35*r**2 - 6 - 4*r**2. Is g(-1) composite?
True
Let t(s) = 44*s**3 + 7*s**2 + 2*s - 4. Let q be t(3). Suppose 693 = 2*m - q. Suppose 4*n - 3*n + a = 488, -3*a + m = 2*n. Is n prime?
True
Let f(o) = 2545*o**2 - 49*o - 349. Is f(-8) a prime number?
False
Let c be 2/(-5) - 46/10. Let f(w) be the third derivative of 49*w**5/60 - w**4/8 + 19*w**3/6 - 2*w**2 - 18. Is f(c) a prime number?
True
Let j be 12/5 + (-4)/10. Suppose y = -j*y. Let p = 307 + y. Is p a composite number?
False
Let c be (178 - -2)*(-63)/(-18). Suppose 3*t - 1056 = -5*b, -c = -5*b + 2*b - 3*t. Is b a prime number?
False
Let k be (-3733521)/(-363) + (2 - 48/22). Suppose -8*s = -k - 46635. Is s a composite number?
True
Suppose -3*r + 40 - 52 = 0. Let y be (r - -3) + (-50)/1. Let d = 16 - y. Is d a prime number?
True
Suppose 2*g + 1 = 11. Suppose g*t = 5*n - 0*n, -4*t - 5*n + 18 = 0. Is (t/6*-1)/(5/(-4470)) a prime number?
False
Suppose -198*p + 106*p + 54*p = -1648858. Is p a prime number?
True
Let o = 8732 + 219263. Is o a prime number?
False
Suppose 16*q - 41*q + 1400 = 0. Let s = q - -93. Is s a composite number?
False
Suppose -2*q - 10561 + 41159 = 0. Is q composite?
False
Suppose 0*a + 11*a - 177089 = 0. Suppose -26*r - 1773 + a = 0. Is r prime?
False
Suppose 0 = 5*s - p - 1615460 - 26928, 2*p = -4*s + 1313902. Is s prime?
False
Suppose -31*a + 419743 = 23129. Is a prime?
False
Suppose 3*w - 54*x = -59*x + 537028, 7*w = 4*x + 1253175. Is w a composite number?
False
Suppose -38 = -4*u - 22. Is u/(-10)*765280/(-64) a prime number?
True
Suppose 335*g - 556*g - 58399748 = -265*g. Is g a prime number?
True
Is 1*2/(2/28267) a composite number?
True
Let u be (-13)/(26/8)*37/(-4). Let a(t) = 14*t - 81. Is a(u) composite?
True
Let b(g) = -89*g - 305. Is b(-8) a composite number?
True
Suppose -60 = -5*f - 5*b, -36*b = -33*b. Is ((-60968)/f)/((-2)/(-3)*-1) composite?
False
Suppose 0 = -2*y + 2*s + 4, -9 = -2*y - 3*s - 0. Let g = -12 - -14. Suppose 5527 = y*k + a, 0 = -g*a - 3*a + 20. Is k composite?
True
Let q = 168503 + -91966. Is q composite?
False
Suppose 2*w - 2*a = 8, 3*w + 6 = 5*w - a. Suppose 4*q + 5*y = 63701, -5*y + 8512 = w*q - 23351. Is q a prime number?
True
Let t(y) = -y**2 + 21*y - 44. Let l be t(18). Let v(n) = 67*n - 4. Let u be v(l). Suppose -s = 5*p - u, -661 = -p - 4*p + 4*s. Is p a prime number?
False
Suppose 16*n = 20*n - 8. Suppose -1401 = -n*j - 227. Suppose -4*s = -3*d - 2695, -3*s - 3*d + 1429 + j = 0. Is s a prime number?
True
Let v(m) = -117*m**3 + 7*m**2 + 4*m - 3. Let g be v(-4). Suppose 0 =